e prime factors of c.
2, 3, 7
Let u(r) be the second derivative of r**5/5 - r**4/6 - r**2/2 + r - 23. Let i = 1 + 1. List the prime factors of u(i).
23
Suppose 3*g - 510 = -3*g. Let x = g - 9. What are the prime factors of x?
2, 19
Let c(v) = -5*v + 64. Let s be c(12). Let o(u) = 23*u**2 - u - 2. Let n be o(-2). List the prime factors of n/s*1/1.
23
Let s = 284 + 624. What are the prime factors of s?
2, 227
Let j be (-1)/6 + (-2)/(-12). Suppose j = -0*a - 4*a + 208. Suppose -3*q - 3 = -5*s + a, 3*s - 34 = 2*q. List the prime factors of s.
2
Suppose -y = 4*p - 1595, 3*y + 294 + 121 = p. What are the prime factors of p?
2, 5
Let i(d) = 2*d**3 - 3*d**2 - 3*d - 1. Let w be i(3). Let n = w + 4. Suppose 1 = -2*a + n. What are the prime factors of a?
2, 5
Let s be ((-106)/(-3) + 0)/((-4)/(-6)). Suppose s*j = 49*j + 700. List the prime factors of j.
5, 7
Suppose 4*v + 5*m + 5 = 0, -4*v + 2*m - 3 = -5. Suppose v*t - 3*t = 2*p - 242, 2*t - 8 = 0. What are the prime factors of p?
5, 23
Let v = 902 - 733. List the prime factors of v.
13
Suppose 0 = 4*b + 4*j - 1156, -4*b + 4*j - 1441 = -9*b. List the prime factors of b/7 + (-2)/(-7).
41
Let m(q) = 61*q**2 + 5*q + 57. List the prime factors of m(-5).
3, 173
Let g = 44 + -42. Suppose -3*k = -y - 2*k + 43, -g*y - 2*k = -106. List the prime factors of y.
2, 3
Let q = -56 - -93. Suppose -2*a + 342 = 3*o, 0 = -o - 2*a + q + 73. List the prime factors of o.
2, 29
Suppose -24314 = -8*r + 3*r + 4*k, 4*r = k + 19460. List the prime factors of r.
2, 3, 811
Let u be 2 + (4 - 8) - 1834. List the prime factors of 8/(-14) + -2*u/56.
5, 13
Let u(t) = -2*t**2 - 34*t - 33. Suppose -60 = 4*y + 4*f, 2*y + 14 + 12 = 2*f. What are the prime factors of u(y)?
3, 17
Suppose 5*c = 4*j + 46, -3*c + 0*c + 32 = 2*j. Let z(m) = -2*m - 6*m + m**2 - 2*m + 7. List the prime factors of z(c).
7
Let w = 516 + -298. What are the prime factors of w?
2, 109
Suppose 5*t - 10*t + 1150 = 0. Suppose 170 + t = 5*u. What are the prime factors of u?
2, 5
Let p = 7 + -5. Suppose 0*g = -5*g - 5*h + 45, -2*g - h = -13. Suppose -2*j - 140 = -2*l + p*j, -g*l + 280 = j. List the prime factors of l.
2, 5, 7
Suppose 0 = -2*k - 29*w + 31*w + 6894, k - 3459 = -5*w. List the prime factors of k.
3449
Let d(x) = 246*x**3 + 2*x**2 + 3*x - 3. Suppose 7 = 37*k - 30*k. What are the prime factors of d(k)?
2, 31
Suppose 921 = -14*n + 13661. List the prime factors of n.
2, 5, 7, 13
Let z = -34 - -37. Suppose -4*w = -0*n - n + 201, 0 = -z*w - 15. List the prime factors of n.
181
Let t be (-3 - -25 - 3) + -4. Suppose -1 = -w + t. List the prime factors of w.
2
Let u(n) = -n**3 - 5*n**2 + 8*n - 8. Let h be u(-7). Let x = -6 + h. List the prime factors of x.
2, 7
List the prime factors of 1*10*((-27846)/(-35))/13.
2, 3, 17
Let g be 8/((-128)/84)*4. Let c = -19 - g. List the prime factors of (c - 1)/1 - -32.
3, 11
Suppose -59*j + 0*j + 38055 = 0. What are the prime factors of j?
3, 5, 43
Let c(l) = 18*l**2 + 4*l + 3. Suppose 0 = -0*d - 5*d + 15, 5*r = 3*d - 19. List the prime factors of c(r).
67
Suppose 20 = -5*i, 4*h + 5*i - 1652 - 904 = 0. List the prime factors of h.
2, 7, 23
Suppose -k = 2*k - 9. Suppose 6 = -2*g, -k*w = -4*w - g - 46. Let z = -33 - w. List the prime factors of z.
2, 5
Let h(d) be the second derivative of d**3/6 + 4*d**2 - 29*d - 1. Let v(k) = k. Let l be v(5). What are the prime factors of h(l)?
13
Suppose -5*s = 5*v - 11375, -115*s - 12 = -111*s. What are the prime factors of v?
2, 17, 67
Let q(s) be the first derivative of s**2/2 - 4*s + 1. Let a be q(7). Let z = a + 5. What are the prime factors of z?
2
List the prime factors of (600/6 - -4) + -4.
2, 5
Let w be 4742/42 + (-4)/(-42). Let v(p) = 2*p - 7. Let b be v(6). Suppose 2*i - 42 = -4*f - 0*f, -b*i - 2*f = -w. List the prime factors of i.
23
Let n = -307 - -313. Let i(h) be the second derivative of h**3 - h. List the prime factors of i(n).
2, 3
Suppose 5*a - 2*v = -177, -4*a + 2*a = 3*v + 67. Let u = -18 - a. Suppose -p + u = -1. What are the prime factors of p?
2, 3
Let o = 0 - -6. Let i(f) = 10*f - 8. Let v be i(o). What are the prime factors of v/6 - (-2)/6?
3
Suppose -4*g + 64 = -4*c, -c - 3*g - 66 = 2*c. Let n = c - -36. What are the prime factors of n?
17
Suppose 192 = l - 4*t, 2*l + 3*l - 2*t = 888. Suppose s + 4*i - l = 0, -2*s + 3*s = 2*i + 200. What are the prime factors of s?
2, 3
Suppose u - 192 + 66 = 0. Let p = u + -113. List the prime factors of p.
13
Let a(u) = 3*u**3 + u**2 - u + 1. Let w(j) be the first derivative of -j**4/4 - 7*j**3/3 + j**2/2 + 9*j - 8. Let k be w(-7). What are the prime factors of a(k)?
3
Suppose -40 - 14 = -3*j. Let w = j + -16. Suppose 2*b = 34 + w. What are the prime factors of b?
2, 3
Let i(t) = t**3 - 7*t**2 + 2*t - 10. Let q be i(7). Suppose 193 - 65 = -q*r. Let y = r + 54. List the prime factors of y.
2, 11
Suppose 4*q = 11*q. Suppose -5*n + 288 = -3*a - q*a, n + 2*a - 55 = 0. What are the prime factors of n?
3, 19
Let i(h) = 3 + 2*h + 0*h + 12. What are the prime factors of i(8)?
31
List the prime factors of 9/(3 - 1032/345).
3, 5, 23
Suppose 79 = 4*u - t, -2*u + t + t = -44. Let d be 2/3 - (-26)/(-3). Let g = u + d. What are the prime factors of g?
11
Let t = -262 + 505. What are the prime factors of t?
3
Let i(o) = -3 + 10*o - 2 - 8*o - 7. Suppose 2*u + k - 28 = 0, -5*k + 5 = 2*u - 39. List the prime factors of i(u).
2, 3
Let s = 300 - -113. List the prime factors of s.
7, 59
Suppose 5*x - 78 = 367. What are the prime factors of x?
89
Let u(k) = -24 + 199*k + 199*k - 403*k. Let d(w) = -w**3 - 6*w**2 - 3*w. Let p be d(-2). List the prime factors of u(p).
2, 13
Let q(b) = 1675*b**2 + 5*b + 4. What are the prime factors of q(-1)?
2, 3, 31
Suppose 13*m = 14*m - 406. What are the prime factors of m?
2, 7, 29
Let a = 1 - -13. Let j = -37 - a. Let f = j - -83. List the prime factors of f.
2
Let g(m) = m**3 - 6*m**2 - 6*m - 5. Let r be g(7). Suppose -k + 11 + 3 = 3*o, -3*o - r*k + 19 = 0. Suppose -33 = -4*i + o. What are the prime factors of i?
3
Let k be (2 + -1)/(2/8). Suppose -140 = -2*z - k*j, 0*j + 209 = 3*z + 5*j. List the prime factors of z*(1/2 + 0).
2, 17
Let r be (-508)/18 + 14/63. Let h be (-12)/42 - 36/r. Let f(x) = 27*x - 2. List the prime factors of f(h).
5
Let g = -389 - -634. List the prime factors of g.
5, 7
Let j = 16 - 13. Suppose 4*u - j*d - 436 = d, -4*u - 5*d + 427 = 0. Suppose 3*f = y + u, 4*y + 169 = 5*f - 18. List the prime factors of f.
5, 7
Let p(g) = -196*g + 3. What are the prime factors of p(-2)?
5, 79
List the prime factors of (2 - 15/6)*7224/(-14).
2, 3, 43
Suppose -3*v = f - 3202, 2*v + f + f = 2140. List the prime factors of v.
2, 13, 41
Let q = 40 - 40. Suppose 5*b + 60 = 4*i - 311, q = 3*i - b - 292. List the prime factors of i.
3, 11
Let j(m) = -19*m + 3. Let q be j(-4). Suppose -w + 4*w - q = -n, 4*w - 150 = -2*n. List the prime factors of n.
67
Suppose 0 = 15*g - 13505 - 4960. What are the prime factors of g?
1231
Let j be (-5)/((-4)/(-6)*6/(-4)). Suppose 2*u + 2*u = d - 75, -u = -j*d + 280. What are the prime factors of d?
5, 11
Let o be 1*(4 - (-3 - -10)). What are the prime factors of (-1120)/(-25) - o/15?
3, 5
Let m(y) = 431*y + 453. What are the prime factors of m(6)?
3, 1013
List the prime factors of 1 + 10/2 - -4400.
2, 2203
Let v = -318 - -633. List the prime factors of v.
3, 5, 7
Suppose 7 + 83 = -3*w + h, -5*w = -3*h + 146. Let f = w + 231. List the prime factors of f.
2, 5
Let n be (-4)/((-16)/12) - -191. Suppose -3*s + 181 = -n. Suppose -4*w + y = -s, -5*y - 4 = -y. List the prime factors of w.
31
Let d = -51 + 55. Suppose -d*u + 347 = -309. What are the prime factors of u?
2, 41
Suppose 1468 = 15*x + 508. List the prime factors of x.
2
Let x(z) = -2 + 0 + 0 - 5*z**2 + 9*z**2 + 7*z. Let g be x(-6). Suppose 2*k - 2*o - g = 0, 4*k - 3*o - 158 - 37 = 0. List the prime factors of k.
3, 5
Suppose 0 = -n - 3*w + 2*w - 3, 5*n + 21 = -2*w. Let z = 7 + n. Suppose -z - 10 = -t. List the prime factors of t.
2, 3
Suppose 5*n + 20 = 395. Let i = -27 + n. What are the prime factors of i?
2, 3
Let k = -157 + 91. Suppose 4*r + 2*v = -10, 3*r + 3*v = -0*r - 6. List the prime factors of 3 + -1 + k/r.
2, 3
Let v(c) = -11*c + 78. Let g = 80 + -97. List the prime factors of v(g).
5, 53
Let g be (3/(-1))/((-6)/(-16)). Let r